2. Let p be g(4). Suppose v + 8 = 3, -u + 4*v + 16 = p. Calculate d(u).
7
Let t(f) be the first derivative of -f**4/2 + 16*f**3/3 + 19*f**2/2 - 12*f - 6959. Calculate t(9).
-3
Let a(k) be the second derivative of k**6/120 - 3*k**5/20 + k**4/3 - 5*k**3/6 + 26*k**2 + 69*k. Let v(p) be the first derivative of a(p). What is v(8)?
-5
Let u(s) = -1374 - 4*s + 4123 - s**2 - 1373 - 1374. Suppose 13*c - 18*c = -10. Calculate u(c).
-10
Let b be (-2 - 3)*-1*2/2. Let n(z) = b*z + 46 - z**2 - 44 - 12*z. Give n(-6).
8
Suppose 10*f - 3*f - 147 = 0. Suppose f = -c + 8*c. Let n(g) = -c*g - 215 + 208 - 5*g**2 + g**3 - 2*g. Determine n(6).
-1
Let b(j) be the second derivative of -j**3 - 139*j**2/2 + 7480*j. Give b(-27).
23
Let i(t) be the second derivative of -t**4/12 - t**2/2 + t. Let h(j) = -j**2 - 103*j + 5175. Let l be h(37). What is i(l)?
-26
Let i(o) = 18*o - 9. Let a(h) = 15*h + 2. Let p(y) = -8*y. Let l(c) = 3*a(c) + 7*p(c). Let g(k) = 5*i(k) + 8*l(k). Calculate g(-2).
-1
Let j(k) be the first derivative of -k**4/4 + 4*k**3/3 - 2*k**2 - 11*k + 326. Give j(6).
-107
Let s(l) be the second derivative of l**8/6720 + l**7/504 - l**6/240 + l**5/40 + 25*l**4/6 - l + 2. Let b(n) be the third derivative of s(n). What is b(-6)?
-15
Let w(u) = -54 - 7 + 23 - 3 + 9*u. Give w(6).
13
Let r(t) be the second derivative of -t**5/20 + t**4 - t**3/3 + 7*t**2 + 653*t. Give r(12).
-10
Let l(j) = 7*j + 264 + 251 - 516. Calculate l(-7).
-50
Suppose -2*h = w - 16, 11 = -5*h - 2*w + 53. Let l(c) = 3*c**2 - 22*c - 12. Determine l(h).
68
Let o(s) = s**2 + 11*s - 204. Suppose 101 = -5*z + 2*n, -z + 9*n = 14*n + 31. Give o(z).
6
Let s(j) be the second derivative of j**4/12 - 5*j**3/6 - 52*j. Suppose 5*f - 52 + 22 = 0. Give s(f).
6
Let i(o) = -o**3 - 10*o**2 - 12*o - 20. Let h be i(-10). Suppose -h = -8*g - 84. Let q(l) = -l**2 + l - 2. Give q(g).
-4
Let l(u) = -u**3 + 6*u**2 - 8*u + 11. Let j be l(5). Let a be (4*-1)/((-10)/3 - j). Let y(q) = -q - 14. Calculate y(a).
-8
Let j = 1602 + -1594. Let u(k) = -8*k + 27. Give u(j).
-37
Let a(n) = -5*n**3 - n**2 + n - 1. Let i be (236/(-1888))/((-1)/8). What is a(i)?
-6
Let h(a) = -19*a + 669. Let p be h(35). Let y(d) be the second derivative of 1/12*d**p + 17*d + 2*d**2 - 1/3*d**3 + 0. Determine y(3).
7
Let g be 12/(-15 - -19) + 13*1/(-1). Let z(x) = x**2 + 8*x - 1. Calculate z(g).
19
Let c(f) = f**2 - f - 23. Let y(i) = 2*i**2 - i - 25. Let b(k) = -4*c(k) + 3*y(k). Let t(z) be the first derivative of b(z). Calculate t(-1).
-3
Let s(m) = m**3 - 7*m**2 + 6*m + 6. Let v be s(6). Let f(x) = 8*x - 147. Let z(a) = -12*a + 210. Let k(o) = -7*f(o) - 5*z(o). What is k(v)?
3
Suppose 56*m - 59*m = -129. Let g = m + -44. Let r(f) be the second derivative of 5*f**4/6 - f**2/2 - 10*f. Calculate r(g).
9
Let u(n) = -n**3 - 7*n**2 - 6*n + 6. Let k be 234/195*(1*-84 + -1). Let i be k/16 - 54/(-144). Determine u(i).
6
Let p(f) be the second derivative of -f**4/12 - f**3 - f**2 + 5*f + 4. Suppose -4*h - 29 = -m - 0*m, -3*h - 36 = 4*m. Calculate p(h).
-18
Let f(o) = -24*o**3 + 5*o**2 + 3*o + 63. Let h(g) = 7*g**3 - g**2 - g - 18. Let b(x) = -5*f(x) - 17*h(x). Let v = 14 + -23. Let u = v + 17. Give b(u).
7
Let f(z) = z**3 - 41*z**2 - 46*z + 173. Let i = -18098 + 18140. Calculate f(i).
5
Let f(d) = 5*d**3 + 2*d**2 - d. Suppose -87 = -4*w + w. Let h = w - 33. Let n = -3 - h. Determine f(n).
6
Let f(r) = 50*r - 8. Let x be f(2). Let m = 97 - x. Suppose -k - 1 = 0, 0 = 3*g + m*k - 3 - 1. Let t(d) = -3*d - 1. Calculate t(g).
-10
Let k(b) = -23*b + 203. Let j = 23644 + -23635. What is k(j)?
-4
Let c(h) be the third derivative of 11*h**4/8 + 475*h**3/3 + 11255*h**2. Calculate c(-29).
-7
Let z(v) = 5399*v**3 - 10803*v**3 - 4*v + 8*v**2 - 10 + 5406*v**3. Suppose -16 = 4*n - 0. What is z(n)?
6
Let z(x) = x**2 + x - 4. Let i(u) = 6*u**2 + 72*u + 11. Let p be i(-12). Let l be 7*-3*p/(-77). Calculate z(l).
8
Suppose -5*a = -3*f + 1542, -2087 + 561 = 5*a + f. Let q = a - -303. Let i(n) = n**3 + 2*n**2 - 2*n. Give i(q).
-3
Let q = 101 + -98. Let z(d) = -8 - q*d + d + 24 - 14. Give z(-2).
6
Let a(q) = 10*q - 111. Let p be (-7)/((-21)/30) - (-29 + 27). Give a(p).
9
Let t(q) = -4*q + 34. Let d be t(8). Let b(h) = d - 3 - h**3 - 2 + 1 - 3 + 11*h**2 - 9*h. Determine b(10).
5
Let i be 18/(-3)*3/(-9). Let q(s) = 4405*s**i - 4411*s**2 + 0*s + 8*s + 9 - s**3. Give q(-7).
2
Let c(o) be the second derivative of -o**4/6 + o**3/3 - 20*o. Suppose -3*h + 5 = -33*l + 31*l, 15 = 3*l + 3*h. Determine c(l).
-4
Let y(c) = -4*c**3 + 15*c**2 - 10*c**2 + 3*c**3 - 9*c**2 + 4. Let u(a) = a**3 - 4*a**2 - 3*a - 11. Let j be u(5). Let z = -2 + j. What is y(z)?
-5
Suppose 1472 = 21*p + 34*p + 1252. Let a(u) be the second derivative of -u**2 + 0 - 7*u + 1/12*u**p - 5/6*u**3. Determine a(5).
-2
Suppose 12 = -4*t, 6*w - 4*w + 3*t = 1. Let u(y) = 25*y**2 - 12*y + 2. Let f(j) = -21*j**2 + 11*j. Let r(d) = 6*f(d) + 5*u(d). What is r(w)?
15
Let y(n) = -5*n**2 - n - 11. Let p(t) = -6*t**2 - t - 14. Let r(q) = -4*p(q) + 5*y(q). Suppose -3*w - v = -w - 2, -v + 11 = 5*w. Determine r(w).
-11
Let g = -78 + 103. Suppose 4*k = 4*v - 24, 0 = -k + 5*k - 5*v + g. Let t(d) = 2*d + 2*d + 4 - 2*d. Calculate t(k).
-6
Let b(d) be the first derivative of -d**2 + 6*d + 195 - 1/4*d**4 + 2*d**3. Calculate b(6).
-6
Suppose -21*v = -30*v - 495. Let i be (-624)/6*2/4. Let f = i - v. Let g(p) = -p**3 + 3*p**2 - 4*p. Give g(f).
-12
Let i be 470/94*(-1 + (-8)/(-20)). Let y(x) = -27*x - 94. Calculate y(i).
-13
Suppose 284 - 481 = -9*m - 278. Let z(g) = -g**3 - 9*g**2 - 8*g - 69. What is z(m)?
3
Let h be 2/5 + (-234)/10. Let k(w) = -w**3 + 19*w**2 - 15*w + 306. Let j be k(19). Let o = j + h. Let z(b) = -2*b**2 - 3*b - 2. What is z(o)?
-4
Suppose -2*w + w - 2*z + 2 = 0, 4*z = 4. Let n(b) be the second derivative of w + 0*b**2 - 1/12*b**4 - 16*b + 5/6*b**3. What is n(6)?
-6
Suppose -10*s = 7*s. Let d(f) = -7 + f**3 + 1 + f + 3. What is d(s)?
-3
Let x(m) = 5*m - 42. Let u(j) = 8*j - 77. Let g(o) = -3*u(o) + 5*x(o). Give g(8).
29
Suppose -4*d = -d + 9. Suppose 5*a = -33 + 38. Let x(b) = -7*b + 0*b**2 - b**2 + 3*b + 0*b + a. Determine x(d).
4
Let m(d) = -2*d**2 - 178*d - 198. Let n be m(-88). Let v(r) = 2*r + 43. Determine v(n).
-1
Suppose 0*f = -0*f - f. Let t be (-3)/(f + (-6)/4). Let n(c) = -3*c**2 + 5*c + 2. Let a(l) = 48*l**2 - 81*l - 33. Let u(r) = 2*a(r) + 33*n(r). Calculate u(t).
-6
Let a(u) = u**3 - 13*u**2 + 3*u + 6. Let m(n) = n**3 - 12*n**2 + 2*n + 6. Let o be (-1*(6 + -3))/(-1). Let d(g) = o*a(g) - 4*m(g). Calculate d(9).
3
Let s(u) = 2*u**3 + 17*u**2 - 8*u + 10. Let v be 27*(-1)/(-2)*(-48)/72. Let f be s(v). Let b(h) = -3*h**3 - h**2. Give b(f).
-4
Let d(r) = -2*r**3 + 5*r**2 + r - 3. Let q(y) = -5*y**3 + 10*y**2 + 2*y - 6. Suppose 42*u - 64 = 230. Let b = -3 + 0. Let a(w) = b*q(w) + u*d(w). What is a(-4)?
9
Let j(x) = -x**3 + 6*x**2 - 3. Let i(w) = -w**3 + 15*w**2 + 15*w + 22. Let u(p) = -p**3 - 11*p**2 - 3*p - 17. Let r be u(-11). Let d be i(r). What is j(d)?
-3
Suppose k + 3*k = 300. Let f = k + -77. Let w(v) = v**2 + 3*v + 2. Give w(f).
0
Suppose -7*j + 12*j + 5*f = -40, 0 = 4*j - 5*f - 22. Let l(g) = 21*g + 51. Give l(j).
9
Let k be 456/133 - (-3)/(-7) - -2. Let l(c) be the third derivative of -1/2*c**3 - 1/60*c**k - 2*c**2 + 1/120*c**6 + 0*c - 1/8*c**4 + 0. What is l(3)?
6
Let x(n) = n**3 - 6*n**2 + 4. Suppose -11*b + 5300 = -31*b. Let w be 58/10 - 53/b. Give x(w).
4
Let n(o) = -32*o - 252. Let u be n(-8). Suppose -u*v - 12 = 4*q, -3*q + 3 = -0*q. Let p(t) be the third derivative of t**4/24 - t**3/6 + t**2. Determine p(v).
-5
Suppose 244*b + 823 = 322*b + 121. Let n(s) = s**2 - 14*s + 7. Determine n(b).
-38
Let d(y) = 1 - 243*y - 4 - y**2 - 246*y - 254*y + 749*y. Determine d(3).
6
Suppose 2*v - v = 2. Suppose g - v*g - 22 = -3*t, -3*g = -2*t + 3. Let d(o) = -3 + 4*o - 6 + t. Determine d(-1).
-4
Let z(o) = o**3 - 3*o**2 + o - 3. Suppose 0*c = -2*r - 2*c + 6, 3*c = 4*r + 2. Let q be (0 - -20) + (-4 - -1)*r. Suppose q*k - 13*k = 12. Determine z(k).
0
Let y(l) be the first derivative of l**4/2 + l**3/3 - 7*l**2/2 - 7*l - 998. Give y(-2).
-5
Let u(d) = -d**3 - 25*d**2 + 5*d + 2. Let w(r) = 4*r**2 + 1. Let t(s) = u(s) + 5*w(s). Let l be (-1)/(((-55)/(-25))/11). Calculate t(l).
-18
Let j(m) = 22*m - 4. Let i be 1672/(-266) - 